{"id":1298,"date":"2024-07-11T10:03:05","date_gmt":"2024-07-11T10:03:05","guid":{"rendered":"https:\/\/shop.elisabethpfeiffer.de\/?post_type=product&#038;p=1298"},"modified":"2024-07-17T03:56:49","modified_gmt":"2024-07-17T03:56:49","slug":"hawaii-etueden-hawaii-etudes-ebook-pdf-deutsch-english","status":"publish","type":"product","link":"https:\/\/shop.elisabethpfeiffer.de\/index.php\/en\/product\/hawaii-etueden-hawaii-etudes-ebook-pdf-deutsch-english\/","title":{"rendered":"Hawaii Et\u00fcden &#8211; Hawaii Etudes &#8211; ebook (pdf) &#8211; Deutsch\/English"},"content":{"rendered":"<p><em><strong>English below<\/strong><\/em><\/p>\n<h1>Hawaii Et\u00fcden &#8211; Hawaii Etudes<\/h1>\n<p><strong>16 St\u00fccke \u2013 14 verschiedene Schlagmuster<\/strong><\/p>\n<p><em>Pop &amp; Rock Ukulele &#8211; Hawaii Et\u00fcden<\/em> versammelt 16 zeitgen\u00f6ssische St\u00fccke f\u00fcr Ukulele solo. Jedes St\u00fcck ist inspiriert durch eins von 14 verschiedenen historischen Schlagmustern, die jeweils bei Ernest Kaai und anderen Ukulelespieler:innen des fr\u00fchen 20. Jahrhunderts zu finden sind.<\/p>\n<p><strong>Der Klang von Hawaii<\/strong><\/p>\n<p>Jedes Schlagmuster eignet sich f\u00fcr Solost\u00fccke, aber l\u00e4sst sich zus\u00e4tzlich zum Begleiten von Liedern verwenden. Diese besonderen Spieltechniken transportieren sofort den Klang von Hawaii zu dir nach Hause.<\/p>\n<p><strong>Ausf\u00fchrliche Anmerkungen, sowie Audio und Video kostenlos<\/strong><\/p>\n<p>Zu jedem St\u00fcck findest du ausf\u00fchrliche Anmerkungen und Griffbilder, sowie je eine Audio- und eine Videodatei, die du kostenlos herunterladen kannst bzw. direkt per QR-Code abrufen kannst.<\/p>\n<p>&nbsp;<\/p>\n<p><strong>ENGLISH<\/strong><\/p>\n<p>&nbsp;<\/p>\n<p><strong>16 Pieces &#8211; 14 Different Strumming Patterns<\/strong><\/p>\n<p><em>Pop &amp; Rock Ukulele &#8211; Hawaii<\/em> <em>Etudes<\/em> is a collection of 15 pieces for ukulele solo. Each piece is inspired by one of 13 different historic strumming patterns, which can be found in the works of Ernest Kaai and other ukulele players from the early 20<sup>th<\/sup> century.<\/p>\n<p><strong>The Sound of Hawaii<\/strong><\/p>\n<p>Each strumming works well for a solo piece and can additionally be used to accompany songs. These historic techniques will invoke the sound of Hawaii in your home.<\/p>\n<p><strong>Extensive Instructions, as well as free Audio and Video<\/strong><\/p>\n<p>Each piece comes with extensive instructions and chord diagrams, as well as audio and video that you can download or directly access via QR Code for free.<\/p>\n<p>&nbsp;<\/p>\n<p>&nbsp;<\/p>\n","protected":false},"excerpt":{"rendered":"<p>16 Ukulele-Et\u00fcden zu historischen Schlagmustern<\/p>\n<p><em>16 Ukulele Etudes based on Historical Strumming Patterns<\/em><\/p>\n","protected":false},"featured_media":1289,"comment_status":"open","ping_status":"closed","template":"","meta":[],"product_brand":[],"product_cat":[88],"product_tag":[],"class_list":{"0":"post-1298","1":"product","2":"type-product","3":"status-publish","4":"has-post-thumbnail","6":"product_cat-books-en","8":"first","9":"instock","10":"downloadable","11":"virtual","12":"purchasable","13":"product-type-simple"},"jetpack_sharing_enabled":true,"_links":{"self":[{"href":"https:\/\/shop.elisabethpfeiffer.de\/index.php\/wp-json\/wp\/v2\/product\/1298","targetHints":{"allow":["GET"]}}],"collection":[{"href":"https:\/\/shop.elisabethpfeiffer.de\/index.php\/wp-json\/wp\/v2\/product"}],"about":[{"href":"https:\/\/shop.elisabethpfeiffer.de\/index.php\/wp-json\/wp\/v2\/types\/product"}],"replies":[{"embeddable":true,"href":"https:\/\/shop.elisabethpfeiffer.de\/index.php\/wp-json\/wp\/v2\/comments?post=1298"}],"wp:featuredmedia":[{"embeddable":true,"href":"https:\/\/shop.elisabethpfeiffer.de\/index.php\/wp-json\/wp\/v2\/media\/1289"}],"wp:attachment":[{"href":"https:\/\/shop.elisabethpfeiffer.de\/index.php\/wp-json\/wp\/v2\/media?parent=1298"}],"wp:term":[{"taxonomy":"product_brand","embeddable":true,"href":"https:\/\/shop.elisabethpfeiffer.de\/index.php\/wp-json\/wp\/v2\/product_brand?post=1298"},{"taxonomy":"product_cat","embeddable":true,"href":"https:\/\/shop.elisabethpfeiffer.de\/index.php\/wp-json\/wp\/v2\/product_cat?post=1298"},{"taxonomy":"product_tag","embeddable":true,"href":"https:\/\/shop.elisabethpfeiffer.de\/index.php\/wp-json\/wp\/v2\/product_tag?post=1298"}],"curies":[{"name":"wp","href":"https:\/\/api.w.org\/{rel}","templated":true}]}}